 of 2962385 and 988.
19
Calculate the highest common divisor of 11592 and 890008.
1288
What is the greatest common divisor of 6349 and 814824311?
6349
Calculate the highest common factor of 1703 and 113235876.
1703
What is the greatest common factor of 222 and 196870192?
74
Calculate the greatest common factor of 25992554 and 4515.
301
What is the greatest common factor of 70965 and 33756255?
855
What is the highest common divisor of 572 and 1270997156?
572
What is the highest common divisor of 792296 and 3104?
776
Calculate the greatest common factor of 308210 and 7711540.
6290
Calculate the highest common factor of 452814 and 58680.
978
What is the greatest common divisor of 12 and 10768398?
6
Calculate the greatest common factor of 5392224 and 270.
54
Calculate the greatest common factor of 1514081 and 35624.
61
Calculate the highest common divisor of 19953 and 28789223.
739
What is the highest common divisor of 648 and 7271937?
81
What is the highest common factor of 5455201 and 11672?
1459
What is the greatest common factor of 17069648 and 564?
188
Calculate the highest common factor of 77709294 and 1404.
702
Calculate the greatest common factor of 324 and 108982404.
36
Calculate the greatest common divisor of 1528 and 30284578.
382
Calculate the highest common factor of 13594255 and 10.
5
What is the greatest common divisor of 9861565 and 90768?
1891
Calculate the greatest common divisor of 30054596 and 264.
44
Calculate the highest common factor of 772142 and 126.
14
Calculate the highest common divisor of 45599568 and 16.
16
Calculate the highest common factor of 27121136 and 8549.
103
Calculate the greatest common divisor of 22524794 and 478.
478
Calculate the greatest common factor of 6372411 and 10128.
633
What is the greatest common divisor of 241270 and 8620?
10
What is the highest common factor of 159840 and 2178?
18
Calculate the highest common factor of 1388 and 54905463.
347
What is the highest common divisor of 902 and 443016398?
902
Calculate the greatest common factor of 2467994 and 20322.
2258
What is the highest common factor of 44574 and 324615?
969
Calculate the highest common divisor of 488 and 8841218.
122
What is the highest common divisor of 288 and 8949168?
144
Calculate the highest common divisor of 2240 and 13248711.
7
Calculate the highest common divisor of 45 and 1840149.
9
Calculate the highest common factor of 25566399 and 9575.
383
Calculate the highest common factor of 1572025 and 1225.
175
What is the highest common factor of 55552 and 98048?
256
Calculate the greatest common factor of 760 and 648710.
10
What is the highest common divisor of 61794622 and 2?
2
Calculate the highest common divisor of 7462540 and 5.
5
What is the highest common divisor of 99 and 57627702?
99
What is the highest common divisor of 660 and 671090860?
220
What is the greatest common divisor of 286544327 and 67?
67
Calculate the highest common factor of 1602793654 and 308.
154
Calculate the highest common factor of 1786072 and 920.
8
What is the highest common divisor of 77 and 1374341045?
77
Calculate the highest common factor of 277241 and 8323779.
2183
Calculate the greatest common factor of 56766416 and 952.
56
Calculate the greatest common divisor of 33225 and 476400.
75
Calculate the greatest common divisor of 222063242 and 2.
2
Calculate the greatest common divisor of 172 and 1384471.
43
Calculate the greatest common factor of 674850 and 1529.
11
What is the highest common divisor of 23636 and 87172?
76
Calculate the highest common factor of 200874837 and 115408.
7213
Calculate the greatest common divisor of 4828657 and 49403.
389
Calculate the greatest common factor of 296 and 123151762.
74
Calculate the greatest common divisor of 162712 and 1364.
44
Calculate the highest common factor of 552 and 11930376.
552
What is the highest common divisor of 800 and 700990?
10
What is the greatest common factor of 3028 and 27641098?
1514
Calculate the greatest common factor of 14256 and 1608255.
891
What is the greatest common factor of 243 and 10814139?
9
What is the highest common divisor of 14 and 16782388?
14
What is the highest common divisor of 55141166 and 17?
17
What is the highest common divisor of 462 and 1245354?
66
Calculate the highest common divisor of 3125336192 and 7216.
7216
Calculate the highest common factor of 31 and 3767213.
31
Calculate the highest common divisor of 10174764 and 43212.
3324
Calculate the greatest common factor of 56700 and 189252.
252
What is the highest common divisor of 21690 and 1186470?
90
What is the highest common divisor of 48 and 3628440?
24
Calculate the greatest common factor of 25368 and 10703182.
2114
What is the highest common divisor of 332465 and 1121?
59
What is the greatest common divisor of 113227984 and 24?
8
What is the greatest common factor of 20445 and 111795?
435
Calculate the highest common divisor of 6 and 186421344.
6
Calculate the highest common factor of 28 and 519043.
7
Calculate the greatest common divisor of 44492959 and 791.
791
Calculate the highest common divisor of 2431 and 945773257.
2431
Calculate the greatest common divisor of 498 and 55528826.
166
What is the greatest common factor of 14746106 and 295?
59
Calculate the greatest common factor of 1159 and 127795.
61
What is the highest common divisor of 1761676 and 714?
238
Calculate the greatest common factor of 1267554 and 76874.
578
What is the highest common factor of 1870 and 20892830?
170
What is the greatest common factor of 17242985 and 345?
115
Calculate the greatest common factor of 150996472 and 14676.
4892
Calculate the greatest common factor of 319308 and 226812.
492
What is the greatest common factor of 70938 and 1854?
18
What is the highest common divisor of 1011335612 and 1484?
1484
Calculate the highest common divisor of 48939 and 19602.
33
What is the highest common factor of 36 and 3645804?
12
Calculate the greatest common divisor of 7057180 and 6500.
260
Calculate the highest common factor of 9641772 and 1764.
252
Calculate the highest common divisor of 6606703 and 1661.
151
What is the greatest common factor of 110 and 8697106?
22
What is the greatest common factor of 85 and 32924801?
17
Calculate the highest common divisor of 252 and 98364204.
36
Calculate the greatest common factor of 9512336 and 64.
16
What is the highest common factor of 1608 and 215964852?
804
Calculate the highest common divisor of 26232872 and 8.
8
Calculate the greatest common divisor of 6 and 1076745210.
6
What is the highest common divisor of 956480 and 36750?
490
What is the highest common divisor of 72 and 6086862?
18
What is the greatest common factor of 12 and 258559740?
12
What is the greatest common factor of 243730 and 370?
10
What is the greatest common factor of 31222 and 1132147?
233
Calculate the highest common divisor of 2508 and 24348918.
1254
What is the greatest common divisor of 6722463 and 15147?
561
What is the highest common factor of 2835165 and 15915?
15
Calculate the greatest common divisor of 165880 and 5760.
40
What is the highest common divisor of 26266092 and 276?
276
Calculate the greatest common factor of 96 and 1468668.
12
What is the highest common factor of 1353715 and 55?
55
What is the greatest common factor of 75846310 and 53505?
5945
What is the greatest common divisor of 25536 and 9929514?
798
What is the greatest common factor of 790 and 87956546?
158
What is the highest common divisor of 16038006 and 32157?
1191
Calculate the greatest common factor of 166009660 and 3030.
1010
What is the highest common factor of 11408133 and 33?
33
Calculate the greatest common factor of 107607690 and 648.
162
Calculate the greatest common divisor of 2736 and 61066.
38
What is the highest common divisor of 34920 and 19457640?
360
What is the highest common divisor of 7096383 and 119?
7
What is the highest common divisor of 117821607 and 279?
93
What is the highest common factor of 2119845 and 23595?
195
Calculate the greatest common divisor of 525310 and 4280.
10
Calculate the highest common factor of 350742926 and 2.
2
Calculate the highest common factor of 11303 and 261747.
127
What is the highest common factor of 13537809 and 576?
9
What is the greatest common divisor of 25491279 an